a = 122 + l. What is the remainder when a is divided by 19?
17
Suppose 0*z + 2*z - 64 = 0. Let l = -11 + 7. Let y = 13 - l. Calculate the remainder when z is divided by y.
15
Let m(k) = -19*k - 3. What is the remainder when m(-2) is divided by 12?
11
Suppose -75 = -j - 3*c, -5*c = -3*j - c + 290. Suppose 11*z - j = 6*z. Calculate the remainder when 52 is divided by z.
16
Suppose 0 = -0*m - 2*m + 128. Suppose 6*j = -5*x + j + 130, 3*x = 4*j + 50. What is the remainder when m is divided by x?
20
Suppose -z + 5*z - 480 = -3*d, 3*z = -3*d + 477. What is the remainder when d is divided by 40?
36
Let n be (4/6)/(6/27). Suppose -2*c - 1 = -n*c. Calculate the remainder when 2 is divided by c.
0
Suppose -2*q - 3 = 3. Calculate the remainder when q/3 + (-2 - -29) is divided by 14.
12
Suppose 5*o - a - 58 = 7, -13 = -o - 2*a. What is the remainder when o is divided by 7?
6
Let a = 2 - 8. What is the remainder when 4/a + 267/9 is divided by 10?
9
Suppose -w + 62 = s, 2*w - 5*s - 103 = -0*w. What is the remainder when w is divided by 15?
14
Let i(l) = -l**3 - 16*l**2 - 18*l + 36. What is the remainder when i(-15) is divided by 17?
13
Suppose -62 = -2*s - 12. What is the remainder when s is divided by (-3)/(-7) - 600/(-70)?
7
Suppose -8 = 7*x - 92. Calculate the remainder when -2 + (-1 - -1) + 36 is divided by x.
10
Let f(g) = g**2 + g - 2. Let t be f(2). Suppose -t*b - b = -105. What is the remainder when ((-41)/(-4))/(2/8) is divided by b?
20
Let d = -83 - -127. Suppose -2*v + d - 16 = 0. What is the remainder when 41 is divided by v?
13
Suppose 0*t + 112 = -2*t. Let r = 91 + t. Let o = 58 - 46. What is the remainder when r is divided by o?
11
Suppose -s + 4*y - 11 = 0, -5*s - 165 = y + y. Let n = 65 + s. Calculate the remainder when n is divided by 9.
7
Suppose -2*b + 4*c = -10, 5*c - 75 = -5*b - 5. What is the remainder when b is divided by 6?
5
Let o = 4 - 1. Suppose -o*k + 0*g - 5 = 4*g, 30 = k - 5*g. Suppose 3*c = 49 - 7. Calculate the remainder when c is divided by k.
4
Let b(l) = l**2 - l + 3. Let k be b(-3). Suppose q + 2*a = k, -4*q + 3*a - 4*a + 88 = 0. What is the remainder when q is divided by (11 - 231/22)/(1/26)?
10
Suppose -c = -4*c + 66. Let v(x) = x**3 - 4*x**2 + 3*x + 3. Calculate the remainder when v(5) is divided by c.
21
Let b be 23/5 - 6/10. Suppose 0 = -2*i - b*k + 46, -2*i = 3*k - 35 - 9. Let v = i + 11. Calculate the remainder when v is divided by 16.
14
What is the remainder when 27 is divided by (28*-1)/(-5 + 4 + -1)?
13
Let w = 5 + 5. Suppose w + 6 = o. Suppose -4*y + 2*y - 2*d + 66 = 0, -4*d = -2*y + 54. Calculate the remainder when y is divided by o.
15
Let z(h) = -h**3 - 4*h**2 + h - 5. Let d(s) = 2*s**2 - 2*s - 8. What is the remainder when z(-6) is divided by d(4)?
13
Let c be 1 + -2*(-2 - -1). Suppose -c*w + w = -22. Suppose 3*l - 7 = w. Calculate the remainder when 16 is divided by l.
4
Let g be 8/(-3)*6/4. Let k = g + 9. Suppose k*w + 0*w - 65 = 0. Calculate the remainder when 37 is divided by w.
11
Let f = -21 - -40. What is the remainder when 55 is divided by f?
17
Let z(x) = -3*x - 2. Let c(n) = -6*n. Let i(j) = j**3 + 8*j**2 + 7*j - 4. Let k be i(-7). What is the remainder when c(k) is divided by z(-5)?
11
Let d(z) = 3*z**2 - z + 3. Let t(y) = -y**3 - 5*y**2 + 5*y - 3. Let h be t(-6). What is the remainder when d(h) is divided by 14?
13
Let i(m) = m**3 + 7*m**2 + 4*m - 1. Calculate the remainder when 54 is divided by i(-6).
10
Suppose r - j + 7 = 0, 3*j + 4 = 5*r + 33. Calculate the remainder when -1*(0 + 1 + -5) is divided by 8/5 - r/10.
0
Let p = -4 - -8. Suppose 0 = -p*t - 5*g + 47, 0*g - g = -2*t + 13. Calculate the remainder when 14 is divided by t.
6
Suppose -5*a + 11 = -2*y, -4*y = 2*a - y + 7. Suppose 0 = w + a - 4. Calculate the remainder when (0 - -1)/(2/14) is divided by w.
1
Let c = 2 + 0. Let v(s) = 3*s + 0 + 2*s**c - 2*s - 1. Calculate the remainder when v(-4) is divided by 14.
13
Suppose -32 = 4*z - g - 4*g, 8 = -z + 2*g. What is the remainder when 14 is divided by -2*12/z + 1?
2
Let u(t) = -t - 4. Let j be u(10). Let w = j - -25. What is the remainder when 32 is divided by w?
10
Let a be (-8 - -9)/((-1)/(-33)). Suppose 0*o + a = 3*o. Calculate the remainder when o is divided by 6.
5
Suppose 5*g = 5*i + 100, -3*g + 5*i - 60 = -6*g. Calculate the remainder when 79 is divided by g.
19
Suppose -j = j - 32. Let g = j - -2. Calculate the remainder when 52 is divided by g.
16
Let t(d) = d**2 + 3*d - 4. Suppose -b - 27 = -2*i, i + 19 = 5*b + 127. Calculate the remainder when t(3) is divided by 2/7 - 162/b.
6
Let u = 4 + 6. Let k(t) = -4*t + u*t**2 + 1 - t - 11*t**2. Calculate the remainder when 17 is divided by k(-4).
2
Let h = 7 - 8. Calculate the remainder when (13/4)/(h/(-8)) is divided by 14.
12
Calculate the remainder when (-360)/(-7) - 15/35 is divided by 18.
15
Let z = 10 - -12. Suppose 5*v - 7*q - 215 = -5*q, 0 = -2*v - 4*q + 86. Calculate the remainder when v is divided by z.
21
Let i(n) = 3*n**2 + 4*n + 3. Let p be i(-2). Suppose -27 = -2*x + p. Calculate the remainder when 32 is divided by x.
15
Let p(l) = 3*l**2 - 16*l - 17. Calculate the remainder when 231 is divided by p(7).
15
Suppose -63 = -2*o - o. What is the remainder when 26 is divided by (0 + 1)/(3/o)?
5
Suppose 2*x - 7 = a - 0*a, 3*a + 1 = x. Let c = a + 7. Suppose c = q - 0. Calculate the remainder when 23 is divided by q.
7
Let u = 23 + -26. What is the remainder when 5*2*1*1 is divided by (9 - (5 + u)) + -3?
2
Suppose -32 = 6*v - 50. Calculate the remainder when 7 is divided by v.
1
Let f(y) = -y**3 - y + 3. Let o be f(-4). Let k = 136 - o. Calculate the remainder when k is divided by 22.
21
Let c(g) = -g + 4. Suppose 0 = x + 2*x. Let i(r) = -r**2 - 7*r + 17. Calculate the remainder when i(-8) is divided by c(x).
1
Suppose p + 3*j = -3*p + 47, 2*p - 3*j - 19 = 0. Let m = -1 - -7. Let f = -3 + m. What is the remainder when p is divided by f?
2
Let o = -5 - -10. Let m be o/(-10) + 281/2. Suppose -2*i + 5*a - 20 = -3*i, 0 = -4*i - 5*a + m. What is the remainder when i is divided by 14?
12
Suppose -11*x + 350 = -6*x. What is the remainder when x is divided by 19?
13
Suppose -3*h + 56 = h. Suppose 2*f - 81 = -z, 2*z = 4*f - z - 157. What is the remainder when f is divided by h?
12
Let v be (-2 + 3)/((-1)/15). Let l = -7 - v. What is the remainder when l is divided by 3?
2
Let a(o) = -o**2 - 7*o - 4. Suppose -5*f + f - 20 = 0. Let d(m) = m + 1. Let r be d(f). Calculate the remainder when 15 is divided by a(r).
7
Suppose 0 = 5*o - 5, -5*o = -3*w - 11 - 6. Let i(q) = -q**3 - 4*q**2 - 5*q - 4. Calculate the remainder when i(w) is divided by 6.
4
Suppose 4*i = -2*v + 30 + 34, 2*i - 110 = -4*v. What is the remainder when 102 is divided by v?
24
Let l(d) = d - 3. Suppose 4 - 5 = -c. Calculate the remainder when l(4) is divided by c.
0
Let j(t) = t**3 + 7*t**2 - t + 5. Let l be j(-5). Suppose w - l = -3*w. What is the remainder when w is divided by 6?
3
Suppose 7*y + 5 = 2*y. Let o be 1*5*y/(-1). Suppose -o*t = -2*n + 5, n + t - 5 = 15. What is the remainder when 29 is divided by n?
14
Let l(i) = 3*i + 2. Let o(j) = j**3 + j**2 + j + 3. Let d be o(0). Suppose 5*s = d*s + 10. Calculate the remainder when l(4) is divided by s.
4
Suppose z - 2*y = -y + 32, 58 = 2*z + y. Suppose 0 = 4*m - n - 347, -m = 3*m + n - 349. Calculate the remainder when m is divided by z.
27
Suppose 4*b = 3*x + 256, -b - 15 = 4*x - 60. Calculate the remainder when b is divided by 32.
29
Suppose 3*m = 5*m - 56. Suppose m = 5*d + 2*d. What is the remainder when 12 is divided by d?
0
Let d be (2 - (-1 - 0))/1. Suppose u = -3*x + 31, -d*x - 175 = -4*u + 2*x. What is the remainder when u is divided by 14?
12
What is the remainder when (-290)/15*18/(-4) is divided by 24?
15
Let u = 63 + -34. What is the remainder when u is divided by 15?
14
Let l(y) = -3*y - 19. What is the remainder when 9 is divided by l(-8)?
4
Suppose -2*z + 5*i - i = -58, -2*z = -5*i - 59. Calculate the remainder when z is divided by 10.
7
Suppose -2*l + 10 + 2 = 0. Let a(r) = 3*r + 1. Calculate the remainder when l + (2 - (2 - 0)) is divided by a(1).
2
Let p = 72 + -46. Suppose 3*x + p = 4*x. Calculate the remainder when x is divided by 9.
8
Suppose 7*f - 4*f - 57 = 0. Let t = 33 - f. What is the remaind